31
What is the highest common divisor of 100635 and 15?
15
What is the greatest common divisor of 1296 and 2064?
48
Calculate the greatest common divisor of 183 and 20984.
61
Calculate the greatest common divisor of 184 and 55384.
184
What is the highest common factor of 483 and 304129?
161
What is the highest common factor of 120 and 1730760?
120
Calculate the greatest common factor of 55990 and 250.
10
Calculate the highest common factor of 858 and 45708.
78
What is the greatest common divisor of 2061 and 4491?
9
Calculate the highest common divisor of 7 and 548.
1
Calculate the greatest common factor of 273 and 943397.
91
Calculate the highest common divisor of 45 and 120465.
45
Calculate the highest common factor of 151 and 522007.
151
What is the highest common factor of 2404591 and 14?
7
Calculate the highest common factor of 378 and 481432.
14
Calculate the highest common divisor of 965 and 982370.
965
Calculate the greatest common divisor of 789 and 192253.
263
Calculate the highest common factor of 1 and 743057.
1
Calculate the greatest common factor of 105740 and 311.
311
Calculate the highest common divisor of 21794 and 193582.
1282
Calculate the highest common factor of 24 and 9783.
3
Calculate the greatest common divisor of 5040 and 175.
35
What is the greatest common divisor of 630939 and 387?
129
What is the highest common factor of 261 and 14239?
29
Calculate the highest common factor of 13221 and 985699.
1469
Calculate the greatest common divisor of 972 and 246348.
108
What is the highest common factor of 2660 and 1540?
140
Calculate the highest common divisor of 956 and 36567.
239
Calculate the highest common factor of 434 and 41447.
217
Calculate the highest common factor of 1737 and 8433.
9
What is the greatest common divisor of 33 and 47399?
11
Calculate the greatest common divisor of 62 and 2929004.
62
Calculate the highest common divisor of 1330 and 1855.
35
What is the greatest common factor of 58316 and 732?
244
What is the greatest common divisor of 149158 and 164?
82
Calculate the greatest common divisor of 1197 and 30837.
57
Calculate the greatest common factor of 870 and 6206.
58
Calculate the highest common divisor of 13 and 4671.
1
What is the highest common factor of 28648 and 68?
4
What is the greatest common divisor of 20 and 840945?
5
What is the greatest common factor of 5421 and 6533?
139
Calculate the highest common divisor of 1059 and 1992332.
353
Calculate the greatest common divisor of 141 and 130425.
141
Calculate the highest common factor of 100 and 1318550.
50
Calculate the highest common divisor of 6 and 8798.
2
What is the highest common divisor of 1076 and 500?
4
Calculate the greatest common divisor of 13455 and 30.
15
What is the greatest common factor of 1530 and 1845?
45
What is the highest common divisor of 726 and 234718?
22
Calculate the highest common divisor of 408 and 421464.
408
What is the highest common factor of 26583 and 15?
3
What is the greatest common divisor of 15 and 8841?
3
What is the greatest common factor of 3480 and 210000?
120
Calculate the highest common factor of 96 and 362464.
32
Calculate the greatest common divisor of 1906780 and 40.
20
What is the greatest common divisor of 16 and 20566352?
16
What is the highest common factor of 2065 and 18880?
295
Calculate the greatest common divisor of 122 and 349.
1
Calculate the greatest common factor of 4 and 548309.
1
What is the greatest common factor of 2249 and 4108?
13
Calculate the highest common factor of 54 and 53343.
9
What is the highest common divisor of 138 and 3966?
6
Calculate the highest common divisor of 11 and 238843.
11
What is the greatest common divisor of 119770 and 306530?
2030
What is the greatest common divisor of 31717 and 1412096?
1379
Calculate the greatest common factor of 205695 and 126.
63
Calculate the highest common factor of 46 and 25138.
2
What is the greatest common divisor of 912 and 28272?
912
What is the greatest common factor of 69280 and 160?
160
Calculate the highest common factor of 854584 and 8.
8
Calculate the greatest common divisor of 10512 and 360.
72
What is the highest common divisor of 1200 and 26944?
16
What is the greatest common factor of 8909 and 7701?
151
What is the greatest common divisor of 77 and 7792169?
77
Calculate the greatest common factor of 37 and 7487542.
37
Calculate the greatest common factor of 32 and 207952.
16
What is the highest common factor of 2048 and 1168?
16
Calculate the greatest common factor of 930 and 1150.
10
Calculate the highest common divisor of 52 and 30004.
52
What is the highest common factor of 7040 and 330?
110
What is the greatest common divisor of 5226457 and 291?
97
Calculate the greatest common factor of 434924 and 7.
7
Calculate the highest common divisor of 1362 and 1628.
2
Calculate the greatest common divisor of 30870 and 15.
15
What is the greatest common divisor of 73440 and 2484?
108
What is the highest common divisor of 384 and 258?
6
Calculate the greatest common factor of 1941939 and 9.
9
What is the greatest common factor of 118260 and 120?
60
What is the highest common divisor of 72 and 1544?
8
What is the highest common divisor of 840 and 121620?
60
Calculate the highest common divisor of 62385 and 195.
15
What is the greatest common factor of 5047 and 4900?
49
Calculate the greatest common factor of 1409233 and 1127.
161
What is the highest common factor of 1613373 and 1668?
417
Calculate the greatest common divisor of 104 and 124072.
104
What is the highest common factor of 27920 and 272?
16
What is the highest common divisor of 91887 and 11802?
843
Calculate the highest common factor of 16478 and 5698.
154
Calculate the highest common divisor of 72 and 16128.
72
Calculate the highest common factor of 2589 and 1042504.
863
What is the greatest common factor of 494 and 3731?
13
What is the highest common factor of 30 and 29040?
30
What is the highest common divisor of 1242178 and 14?
14
Calculate the greatest common divisor of 1064 and 23788.
76
Calculate the highest common divisor of 50224 and 32.
16
Calculate the greatest common factor of 40 and 10435.
5
Calculate the highest common factor of 24114 and 990.
6
What is the highest common factor of 3534756 and 12?
12
What is the highest common factor of 3267 and 2235354?
363
Calculate the greatest common divisor of 1652 and 144368.
28
What is the greatest common divisor of 6676495 and 1603?
1603
Calculate the highest common factor of 301736 and 8.
8
What is the greatest common divisor of 320 and 245?
5
What is the highest common factor of 4984 and 2403?
89
What is the greatest common divisor of 880 and 2882704?
176
Calculate the greatest common factor of 10621 and 3182.
43
What is the greatest common factor of 389696 and 896?
64
What is the highest common factor of 61 and 648796?
61
Calculate the highest common divisor of 10036411 and 77.
77
What is the highest common factor of 1299 and 135529?
433
Calculate the highest common factor of 35868 and 140.
28
What is the greatest common divisor of 590 and 392586?
118
Calculate the highest common factor of 149 and 1101557.
149
What is the greatest common divisor of 13 and 75751?
13
What is the highest common factor of 25 and 284975?
25
Calculate the highest common factor of 4593 and 39.
3
What is the highest common factor of 23488 and 30094?
734
Calculate the greatest common divisor of 4043 and 16483.
311
Calculate the greatest common divisor of 2132 and 67912.
52
What is the highest common divisor of 22248 and 864?
216
What is the highest common divisor of 35068 and 44?
44
Calculate the highest common factor of 74 and 54242.
74
Calculate the highest common divisor of 1275 and 2325.
75
What is the greatest common divisor of 128 and 530368?
64
Calculate the greatest common factor of 1 and 260103.
1
What is the highest common factor of 14 and 8347402?
14
Calculate the greatest common factor of 103425 and 675.
75
What is the highest common factor of 299 and 41837?
23
What is the highest common factor of 45 and 735?
15
What is the highest common factor of 8695 and 2220?
185
What is the highest common divisor of 617304 and 89?
89
Calculate the greatest common divisor of 135 and 955.
5
What is the highest common factor of 124 